t is the highest common divisor of d and r?
11
Suppose -541 = 6*t - 7*t + 3*p, 5*p = -3*t + 1679. Let z = t + -509. What is the highest common factor of z and 11?
11
Suppose -37 = -15*s + 8. Let c be (537/4 - s) + 9/12. Calculate the greatest common factor of c and 99.
33
Let s(g) = 2*g**3 - 14*g**2 + 23*g + 7. Let i be s(5). Suppose 0 = 3*j - 4*j + 11. What is the greatest common divisor of j and i?
11
Let f(b) = 4*b**3 + 35*b**2 - 8*b + 19. Let v be f(-9). Let z be v/3*(-1404)/(-60). What is the greatest common factor of z and 13?
13
Let t = -2150 + 3622. Calculate the greatest common factor of 512 and t.
64
Let x = -3610 - -5147. What is the greatest common divisor of x and 159?
53
Let f be ((-1296)/(-168) - 42)/((-2)/14). What is the highest common factor of f and 660?
60
Suppose 4*d - 7 = -5*x, 0*d = -3*d - x + 8. Suppose 0 = -d*v + 4*v - 2. Suppose v*l - 5*l + 99 = 0. Calculate the highest common factor of l and 3.
3
Suppose -658 = -x + 14*h - 18*h, -3*h = -3*x + 2019. Calculate the greatest common factor of x and 40.
10
Let n(a) = a**2 + 79*a - 835. Let f be n(10). What is the highest common factor of 1562 and f?
11
Let a be ((-28)/(-20)*-7 - 7)/((-6)/285). Calculate the highest common factor of 171 and a.
57
Let f = 7034 + -6173. Calculate the highest common factor of f and 246.
123
Let p(n) = 23*n - 5. Let w be p(4). Let q be (996/10)/(-2) + 1/(-5). Let j = w + q. Calculate the greatest common factor of j and 333.
37
Let g = -1078 + 1134. What is the highest common factor of 488 and g?
8
Suppose 84*t - 458237 = -48*t + 31*t. What is the greatest common divisor of t and 13?
13
Suppose -12 + 6 = t - 3*a, -t - 4*a + 15 = 0. Suppose -18*r - t = -75. What is the greatest common divisor of 148 and r?
4
Suppose -9 = -l + 7. Let j be (-32)/(-3)*(1600/2000)/((-16)/(-510)). What is the greatest common divisor of j and l?
16
Let h(q) = -q**3 - 13*q**2 - 18*q + 188. Let n be h(-9). What is the highest common divisor of 780 and n?
26
Let y be (1/(-3))/(22700/(-1260) - -18). What is the highest common factor of y and 20181?
21
Let a be 1 + (-2555)/(-5) - 2. Calculate the greatest common factor of a and 90.
30
Let j = 494 - 251. Let s(w) = -2*w**3 + 72*w**2 - 2*w + 81. Let i be s(36). What is the greatest common divisor of j and i?
9
Let n = -267 - -261. Let z be (1 - (-35)/(-42)) + (-287)/n. What is the highest common divisor of z and 432?
48
Let u(h) = h**3 + 68*h**2 - 17*h - 1140. Let n be u(-68). Calculate the greatest common factor of n and 1172.
4
Let y = 142 - 172. Let f be -5*(24/y)/2. Calculate the highest common factor of f and 46.
2
Suppose 80*n - 78*n - 3*u = 9879, 4915 = n + 2*u. What is the highest common factor of 372 and n?
93
Let l be 2/3*(-249 - (-8 - -2)). Let w = -129 - l. What is the highest common factor of w and 66?
33
Let l be (2 - 18/12)*-360. Let c = l + 206. Calculate the greatest common divisor of c and 13.
13
Let c be -10 + -5 + 11 + 1624. Calculate the highest common factor of c and 15.
15
Let c = -18964 - -20944. What is the greatest common factor of c and 540?
180
Suppose 7*x - 2*q = 11*x + 2, 4*x - 3 = -q. Let n be 14 + -13 + 54 + x. What is the greatest common divisor of n and 19?
19
Let y be (-11)/(-2) + 6/(-4). Suppose y*i + 9*i - 2730 = 0. What is the highest common divisor of 84 and i?
42
Suppose 3*m + m - 8 = 0. Let u be 2*(-477)/(-42) - (-38)/133. What is the highest common divisor of m and u?
1
Let t be 864/192*410/9. Calculate the greatest common factor of t and 25.
5
Suppose 23 - 123 = -4*c. Suppose -156*i + 157*i + 5*x + 70 = 0, -10*i + 110 = -4*x. Calculate the highest common factor of i and c.
5
Let x = -284 - -286. Suppose 3*s = -3*h + 186, -x*s - 270 = -5*h + s. What is the greatest common divisor of 114 and h?
57
Suppose 2*b = -2*m + 36, -4*b + 31 = -4*m - 25. Let i be 0/((-6)/(-2) - 1). Suppose c + i - 2 = 0. Calculate the highest common factor of c and b.
2
Let l(x) = x**2 + 180*x + 216. Let k be l(0). What is the greatest common factor of k and 2700?
108
Suppose -13*o + 3*o = -40. Let b = 499 - -77. Suppose 0*x = -o*x + b. Calculate the highest common divisor of x and 18.
18
Suppose 0 = 6*z - 1 - 11. Suppose -i - 2*a = -3*i + 592, 3*i - z*a - 885 = 0. Suppose -267 - i = -4*j. Calculate the greatest common factor of 14 and j.
14
Let y = 20075 - 18800. What is the highest common factor of 9 and y?
3
Let c be (216/(-15))/((-2)/5). Suppose 0 = 194*n - 199*n + 60. What is the highest common divisor of c and n?
12
Let z = -72 - -40. Let f = -60 - z. Let x be 1/(4/f*-1). Calculate the greatest common divisor of 7 and x.
7
Let q = 3 - 4. Let u(f) = -368 - 376 - 373 + 1126 - 2*f - 22*f. Let t be u(q). Calculate the highest common divisor of t and 22.
11
Suppose -5*f = -q - 18617, 0 = f - 3*q - 1787 - 1928. What is the highest common factor of 196 and f?
196
Let i(o) = -73*o + 513. Let u be i(4). What is the greatest common factor of u and 351?
13
Suppose -8*l + 0*l - 3*l = -193952. Calculate the highest common factor of l and 32.
32
Suppose s = 5, 0 = 17*w - 20*w + 3*s + 1035. Let h = w + -342. What is the greatest common divisor of 6 and h?
2
Let x be (295/10 - 7)*4. Suppose 2*f = f - 3*g + 207, f - 5*g - 215 = 0. Calculate the greatest common divisor of x and f.
30
Suppose 2*c - w + 11 = 0, -4*w + 19 = -5*c - 7. Let k be ((-17)/c)/(-17) + (-19)/(-6). Calculate the highest common divisor of 3 and k.
3
Let u be (-1)/(3/(2 + -11)) - 204. Let x = -198 - u. What is the highest common divisor of x and 21?
3
Let t = 3334 - 3064. Calculate the greatest common divisor of t and 14.
2
Let g(y) = -6*y**3 + 3*y**2 - 6*y + 2. Let c be g(4). Let t = c - -389. What is the highest common divisor of t and 155?
31
Let f = 4407 + -4367. Suppose -54 = -3*r + 2*z + z, -90 = -4*r - 5*z. What is the greatest common factor of f and r?
20
Let p be 4 + ((-356)/(-6) - 34/(-51)). Suppose 2*b = -4*y + p, -5*y + 9*y + 104 = 4*b. What is the greatest common factor of b and 84?
28
Let v be 4/((-4)/(-11)) - -441. Calculate the highest common factor of 12 and v.
4
Suppose 31 = -9*k + 8*k. Let a = k + 31. Suppose -q = a, 3*q - 15 = -5*y + 185. Calculate the highest common divisor of y and 10.
10
Let a(u) = -u**3 + 5*u**2 - 3. Let j be a(4). Let b be (1/((-15)/(-741)))/((-8)/10 - -1). What is the highest common factor of b and j?
13
Let p = -4721 + 9082. What is the highest common divisor of p and 49?
49
Suppose 2*n + 4*b - 112 = 0, 62*n - 58*n + 2*b - 236 = 0. Calculate the highest common divisor of n and 450.
30
Suppose -4*d = 0, d + 2296 = 4*s - 900. Calculate the greatest common factor of 119 and s.
17
Let p be (10/6)/((-2)/(-114)). Let m = -3687 - -3692. What is the highest common factor of p and m?
5
Suppose 564 = 27*s - 7*s - 3576. What is the greatest common divisor of s and 115?
23
Let l be 20 + (-5740)/644 + 6/(-69). What is the greatest common divisor of 440 and l?
11
Let s = -650 + 654. Calculate the greatest common factor of 660 and s.
4
Let l be (-13)/((-12)/8*(-14)/(-21)). Let m = 68 - l. What is the highest common factor of m and 44?
11
Let h be (1 - -63)/(-4)*-1*1. Let a(u) = -81*u**2 + 1. Let f be a(1). Let o be ((-384)/(-80))/((-6)/f). What is the greatest common factor of o and h?
16
Let s(g) = g**3 - 22*g**2 + 20*g + 26. Let r be s(21). Suppose -5*b + 15 = m, 0*b + 3*b + 103 = r*m. What is the highest common divisor of 40 and m?
20
Let k be ((-15)/(-10) - 3)*8/(-3). Suppose -5*i = 2*f - 0*i - 39, i - 69 = -k*f. Suppose -718 = -f*z + 1662. Calculate the highest common factor of z and 20.
20
Suppose 0 = -3*r + 6 + 15. Let o be r*(-4)/7*-3. Let b(t) = 3*t**2 - 1174*t + 9623. Let f be b(383). What is the greatest common divisor of o and f?
12
Let q(s) = -s**2 - 10*s + 19. Suppose -2*f - o = 21, -f + 0*o - o = 10. Let z be q(f). Let d = 53 - -51. What is the highest common factor of z and d?
8
Let q be ((-741)/2)/(3/2 - 2). Suppose -65 = -5*g + d, 8*d + 65 = 5*g + 4*d. What is the highest common factor of g and q?
13
Let x(m) = 118*m**2 - 104*m - 104. Let s be x(-1). What is the highest common divisor of s and 1298?
118
Let y be 2 - ((-2)/(-23) - 24180/345). What is the greatest common factor of y and 232?
8
Let b(t) = -t**3 - 8*t**2 + 9*t + 75. Let f be b(-9). Calculate the greatest common factor of f and 3225.
75
Let y